0*u = s*u + 10. Let z = u - -18. What are the prime factors of z?
13
List the prime factors of 20*(-15)/(-18)*3.
2, 5
Let r be 79/9 - 10/(-45). Suppose 0*c - r = -c. What are the prime factors of c?
3
Let v(c) = 25*c**3 + 4*c**2 - 7*c + 4. List the prime factors of v(2).
2, 103
Let m(a) = -a**3 + 7*a**2 + a + 10. Suppose 5*g - 28 = g. List the prime factors of m(g).
17
Suppose -3*l - l - 3 = -5*q, 5*l = -4*q - 14. Let s = q + 3. List the prime factors of s.
2
Suppose 48 = 6*x - 2*x. What are the prime factors of x?
2, 3
What are the prime factors of -1*10/(-15) - (-920)/6?
2, 7, 11
Suppose 6*m - m - 26 = -2*h, -21 = -3*h - 3*m. Suppose -6 = -h*y - 0. Let a = 0 + y. List the prime factors of a.
2
Let o = 9 + -6. Suppose -42 = -o*a - 2*n, -4*a + 5*n - 26 + 105 = 0. List the prime factors of a.
2
Let r(g) = -g**3 + 6*g**2 - 5*g + 4. Let y be r(5). Suppose -3*b - 10 = s, 0 = -y*s - s - 5*b - 20. Let v = s - -6. What are the prime factors of v?
5
Suppose 16 = -2*f + 4*c + 188, 2*c = 3*f - 246. What are the prime factors of f?
2, 5
Suppose 0 = -2*r + 3*r - 3. List the prime factors of r*(3 + 0/(-1)).
3
Let v = 8 + 44. List the prime factors of v.
2, 13
Let t(a) = -2*a**2 - 10*a - 8. Let s be t(-7). List the prime factors of s/(-14)*(-84)/(-18).
2, 3
Suppose -3*k + 125 = z - 2*z, -219 = -5*k - z. Suppose h = -2*j + 27, 2*j = 2*h - h - k. What are the prime factors of h?
5, 7
Suppose -1 = -4*t - 25. Let p = 2 - t. What are the prime factors of p?
2
Let v = -84 + 106. What are the prime factors of v?
2, 11
Let q(s) = -8 - 2 + 3 + s**2 + 0 - 2*s. List the prime factors of q(6).
17
Let s be ((-9)/5 - 0)*-5. Let o = s - 3. List the prime factors of o.
2, 3
Let g(r) be the third derivative of -r**4/24 - 7*r**3/6 - 2*r**2. Let k be g(-8). What are the prime factors of (k/(-2))/((-4)/16)?
2
Let n(b) = -b - 4. Let d be n(-5). List the prime factors of (0 - -14*d) + 0.
2, 7
Let d(h) = -h**2 - 11. Let w be d(0). Let v = 20 + w. List the prime factors of v.
3
Suppose 26 = -y + 5*y - z, -z - 33 = -5*y. Suppose 2*q - q - y = 0. List the prime factors of q.
7
Suppose 3*v + 0*b - 2*b - 13 = 0, -2*b = 4. Let x be 2 + v + 1 + -3. Suppose -x*c + 11 = -7. List the prime factors of c.
2, 3
Let z(a) = -2*a**3 - 2*a**3 - 7*a**3 - 2*a**2. Let v be z(-2). Suppose 0 = -5*q - 0 + v. What are the prime factors of q?
2
List the prime factors of -5*(-4 + 33/(-15))*3.
3, 31
Suppose 2*b + 3*m = 6*b - 2, -4*b - 6 = m. Let k(r) = -2*r**3 + 1. Let y be k(b). Suppose 5*c = c - 2*a + 44, 5*c - y*a = 33. List the prime factors of c.
3
Suppose 0 = -l + 2*l - 31. Suppose 3*i + 4*k = 2*k + l, 4*i = 3*k + 13. What are the prime factors of i?
7
Let w = 27 + 66. What are the prime factors of w?
3, 31
Let n = 191 - 115. List the prime factors of n.
2, 19
Let v = 23 + -21. Suppose 3*x + 5*a - 59 = 0, -v*x + 48 = -0*x - a. What are the prime factors of x?
23
Let j = -139 + 199. List the prime factors of j.
2, 3, 5
Let i = 3 + 17. List the prime factors of i.
2, 5
Let h = 61 + -27. Let j = h + -20. Suppose j = 5*d - 31. List the prime factors of d.
3
Let i(f) be the first derivative of f**3 - 5*f**2/2 + 4*f + 3. What are the prime factors of i(3)?
2
Let y(f) = f**3 - 9*f**2 + 7*f + 11. Let q be y(8). Suppose 2*d - 12 = 5*w, w = -1 + q. List the prime factors of d.
11
Let g(x) = -x**3 - 4*x**2 - 3*x + 3. Let z be g(-3). Suppose -5*l - z*o + 21 = -2*o, 0 = 5*l - 3*o - 17. List the prime factors of (30/(-12))/((-2)/l).
5
Let q(l) = l**3 + 12*l**2 + 11*l + 15. Let f be q(-11). Suppose -j - 2 + f = o, -30 = -2*o - 4*j. What are the prime factors of o?
11
Let h(i) = -i - 5. Let g be 1/(-2) - (-105)/(-10). List the prime factors of h(g).
2, 3
Suppose 12*t + 188 = o + 14*t, 1 = -t. What are the prime factors of o?
2, 5, 19
Suppose 4*m + 2*x - 10 = 0, -2*m + 4*m + 15 = 3*x. Suppose 2*z - 4 - 6 = m. List the prime factors of z.
5
Let q(m) = 5*m**2 - 5*m + 14. Let j(u) = 9*u**2 - 9*u + 27. Let o be (-26)/4 - 3/6. Let f(w) = o*q(w) + 4*j(w). List the prime factors of f(0).
2, 5
Let l(z) = z**2 - 5*z + 6. Suppose -3*m + 8 = m. Let s be m/(-3) + (-14)/(-3). What are the prime factors of l(s)?
2
Let m(s) = -s**3 + 11*s**2 + s + 9. Let k = -16 + 27. What are the prime factors of m(k)?
2, 5
Suppose -3 = 3*a, x = a - 3*a - 4. Let j be 10/14 + (-10)/(-35). What are the prime factors of (-2 - 0)/j*x?
2
Suppose 0 = -3*j - 4*h + 40, 26 = j - 6*h + h. What are the prime factors of j?
2
Let q = 26 + 8. What are the prime factors of q?
2, 17
Let s(x) = x**3 - 12*x**2 - 5*x - 15. Let c(m) = m**3 - 12*m**2 - 6*m - 15. Let a(d) = 6*c(d) - 5*s(d). List the prime factors of a(13).
11
Suppose 3*g = 3, 39 = r - 2*g - 42. List the prime factors of r.
83
Suppose 0 = -l - 4*l + 20. Suppose 5 = l*b - 3*b. Let p = 7 - b. What are the prime factors of p?
2
Suppose -5*v = 5*w - 45, v - 37 = -2*v - w. Let a be (-1 + v)*(0 - 1). Let r = a - -22. List the prime factors of r.
3
Suppose 210 = -u + 3*u. List the prime factors of u.
3, 5, 7
Let m be (-4)/16 - (-9)/4. Suppose 11 = m*q - 5. Suppose -3*l + q*l = 30. List the prime factors of l.
2, 3
Let v = 24 + 17. What are the prime factors of v?
41
Let i = -6 + 8. Let r = -10 - -16. Suppose 0 = n + i*n - r. What are the prime factors of n?
2
Let u(t) be the first derivative of 9*t - 1/2*t**2 - 4. What are the prime factors of u(-8)?
17
Suppose 2 = z - 2. Suppose 3*x - 5*u - 35 = -2*x, z*x - 28 = 2*u. List the prime factors of x.
7
Let p = 738 + -519. List the prime factors of p.
3, 73
Suppose -5*l + l = 1344. List the prime factors of l/(-36)*(2 + 1).
2, 7
Let z(o) be the second derivative of o**4/12 + 2*o**3/3 - 7*o**2/2 - 2*o. List the prime factors of z(-6).
5
Let d(h) = 7*h**2 - 2*h - 2. Let x be d(2). Let m be (-3)/9 - (-56)/6. Let a = x - m. List the prime factors of a.
13
Let u(j) = 0*j + 3*j - 2*j. List the prime factors of u(3).
3
Suppose 5*b + 12 = b. Suppose c = 5 - 11. Let n = b - c. What are the prime factors of n?
3
Let m = 162 + -116. List the prime factors of m.
2, 23
Let s(o) = o**2 + 10. Let b be (12/(-4) - -3)*1. List the prime factors of s(b).
2, 5
Suppose -2*g = g. Suppose -6 = -2*s - g. Suppose -21 = -3*y + 3*t - s, -4*t = 12. List the prime factors of y.
3
Suppose 2*a = -g + 7*a + 104, 2*g + 4*a = 138. What are the prime factors of g?
79
Suppose -4*c = -6 - 2. What are the prime factors of 6*6/c + -2?
2
Suppose -3*g - 7 = -x, x = -0 + 1. What are the prime factors of 63/6 - (-1)/g?
2, 5
Let x = -13 + 13. Let t(o) = -o**2 - 2*o + 28. What are the prime factors of t(x)?
2, 7
Let m = 1 + 1. Suppose -m*c + 42 = 3*p + 3*c, p - 14 = 2*c. What are the prime factors of p?
2, 7
Let f(z) = -6*z + 9. Let x be f(6). Let i = 45 + x. What are the prime factors of i?
2, 3
Let g be (6 + -11)/((-2)/(-2)). List the prime factors of (-14)/1*10/g.
2, 7
Let h be 95/20 - 3/4. Suppose a - 2*o + 0 + h = 0, -2*o = a - 12. What are the prime factors of a?
2
Let c(t) = -4*t + 7. Let g be c(9). Let p = g - -49. What are the prime factors of p?
2, 5
Let w = -4 - -7. Suppose w*y = y + 8. Suppose -y*a + a + 33 = 0. List the prime factors of a.
11
Let w be ((-2)/(-6))/(3/9). Suppose -w = -4*d + 15. Suppose 0 = -d*q + 5*q - 21. What are the prime factors of q?
3, 7
Let t = -8 - -13. What are the prime factors of 0/(-2) + 15/t?
3
Suppose -3*r - r - 20 = 0. Let d = r - -16. List the prime factors of d.
11
Let g be (-3 + -3)/3*-2. Suppose -3*l + l + g = 0. What are the prime factors of l?
2
Suppose -2*n + 2*x = -188, 292 = 3*n + 2*x - 7*x. What are the prime factors of n?
89
Suppose 17 + 73 = 5*h. List the prime factors of h.
2, 3
Let t be 130/18 - 14/63. Suppose -4*i = -2*u + t*u - 110, -i + 2*u = -21. List the prime factors of i.
5
Let r be ((-24)/9)/(4/(-6)). Let w(l) = 5*l + 4. What are the prime factors of w(r)?
2, 3
Suppose -2*u - 2*u = 0. Suppose 0*o - o + 20 = u. What are the prime factors of o?
2, 5
Let b(h) = h**2 + 4. Suppose -3*q + q = 4*g + 18, 0 = 4*q - 3*g + 14. What are the prime factors of b(q)?
29
Suppose 4*y + 1 = 3*h, -3*y - 11 = -5*h - y. Suppose h*l = 2*f + 58, 3*l - f = -2*l + 85. List the prime factors of l.
2
Suppose 2*s + 4*d - 18 = 0, -3*s - 3*d = -4*s - 1. Suppose 0 = -5*b - 3*k + 4 + 9, -4*b = -s*k - 3. What are the prime factors of b?
2
Suppose -2*p + 3 = -1. Suppose o -